{"id":152,"date":"2025-03-30T10:37:31","date_gmt":"2025-03-30T10:37:31","guid":{"rendered":"http:\/\/portfoliomatteo.infy.uk\/?page_id=152"},"modified":"2025-04-10T18:22:04","modified_gmt":"2025-04-10T18:22:04","slug":"projets","status":"publish","type":"page","link":"https:\/\/matteoweil.com\/?page_id=152","title":{"rendered":"Projets"},"content":{"rendered":"<p>[et_pb_section fb_built=\u00a0\u00bb1&Prime; admin_label=\u00a0\u00bbHeader\u00a0\u00bb _builder_version=\u00a0\u00bb4.17.4&Prime; _module_preset=\u00a0\u00bbdefault\u00a0\u00bb background_color=\u00a0\u00bb#000000&Prime; use_background_color_gradient=\u00a0\u00bbon\u00a0\u00bb background_color_gradient_stops=\u00a0\u00bbrgba(0,0,0,0) 80%|#000000 100%\u00a0\u00bb background_color_gradient_overlays_image=\u00a0\u00bbon\u00a0\u00bb background_image=\u00a0\u00bbhttps:\/\/matteoweil.com\/wp-content\/uploads\/2025\/03\/streamer-85-scaled-1.jpg\u00a0\u00bb background_size=\u00a0\u00bbcontain\u00a0\u00bb overflow-x=\u00a0\u00bbhidden\u00a0\u00bb overflow-y=\u00a0\u00bbhidden\u00a0\u00bb collapsed=\u00a0\u00bbon\u00a0\u00bb global_colors_info=\u00a0\u00bb{}\u00a0\u00bb][et_pb_row column_structure=\u00a0\u00bb2_3,1_3&Prime; make_equal=\u00a0\u00bbon\u00a0\u00bb _builder_version=\u00a0\u00bb4.17.4&Prime; _module_preset=\u00a0\u00bbdefault\u00a0\u00bb global_colors_info=\u00a0\u00bb{}\u00a0\u00bb][et_pb_column type=\u00a0\u00bb2_3&Prime; _builder_version=\u00a0\u00bb4.17.4&Prime; _module_preset=\u00a0\u00bbdefault\u00a0\u00bb z_index=\u00a0\u00bb12&Prime; custom_padding=\u00a0\u00bb10%||||false|false\u00a0\u00bb custom_padding_tablet=\u00a0\u00bb0%||||false|false\u00a0\u00bb custom_padding_phone=\u00a0\u00bb0%||||false|false\u00a0\u00bb custom_padding_last_edited=\u00a0\u00bbon|tablet\u00a0\u00bb global_colors_info=\u00a0\u00bb{}\u00a0\u00bb][et_pb_text _builder_version=\u00a0\u00bb4.24.0&Prime; _module_preset=\u00a0\u00bbc16985e1-e0d6-4022-964d-e2bfc04fa633&Prime; header_font=\u00a0\u00bbTrispace|700||on|||||\u00a0\u00bb header_text_color=\u00a0\u00bb#FFFFFF\u00a0\u00bb header_font_size=\u00a0\u00bb110px\u00a0\u00bb header_letter_spacing=\u00a0\u00bb0em\u00a0\u00bb custom_margin=\u00a0\u00bb|-40%|||false|false\u00a0\u00bb header_font_size_tablet=\u00a0\u00bb40px\u00a0\u00bb header_font_size_phone=\u00a0\u00bb24px\u00a0\u00bb header_font_size_last_edited=\u00a0\u00bbon|phone\u00a0\u00bb global_colors_info=\u00a0\u00bb{}\u00a0\u00bb]<\/p>\n<h1>MES PROJETS<\/h1>\n<p>[\/et_pb_text][et_pb_text _builder_version=\u00a0\u00bb4.17.4&Prime; _module_preset=\u00a0\u00bb1f09816e-184e-4ce5-a4cf-b39c52c423ca\u00a0\u00bb text_font=\u00a0\u00bbOpen Sans||||||||\u00a0\u00bb text_text_color=\u00a0\u00bb#7F8596&Prime; text_font_size=\u00a0\u00bb16px\u00a0\u00bb text_line_height=\u00a0\u00bb1.8em\u00a0\u00bb width=\u00a0\u00bb80%\u00a0\u00bb width_tablet=\u00a0\u00bb100%\u00a0\u00bb width_phone=\u00a0\u00bb100%\u00a0\u00bb width_last_edited=\u00a0\u00bbon|tablet\u00a0\u00bb text_font_size_tablet=\u00a0\u00bb15px\u00a0\u00bb text_font_size_phone=\u00a0\u00bb14px\u00a0\u00bb text_font_size_last_edited=\u00a0\u00bbon|phone\u00a0\u00bb header_font_size_tablet=\u00a0\u00bb55px\u00a0\u00bb header_font_size_last_edited=\u00a0\u00bboff|desktop\u00a0\u00bb global_colors_info=\u00a0\u00bb{}\u00a0\u00bb]<\/p>\n<p>Voici tout les projets r\u00e9alise dans un cadre professionnel ou personnel.<\/p>\n<p>[\/et_pb_text][\/et_pb_column][et_pb_column type=\u00a0\u00bb1_3&Prime; _builder_version=\u00a0\u00bb4.17.4&Prime; _module_preset=\u00a0\u00bbdefault\u00a0\u00bb global_colors_info=\u00a0\u00bb{}\u00a0\u00bb][et_pb_image src=\u00a0\u00bbhttps:\/\/matteoweil.com\/wp-content\/uploads\/2025\/03\/logodeezlock.png\u00a0\u00bb title_text=\u00a0\u00bblogodeezlock\u00a0\u00bb _builder_version=\u00a0\u00bb4.24.0&Prime; _module_preset=\u00a0\u00bbdefault\u00a0\u00bb transform_rotate=\u00a0\u00bb0deg|0deg|6deg\u00a0\u00bb width_tablet=\u00a0\u00bb70%\u00a0\u00bb width_phone=\u00a0\u00bb70%\u00a0\u00bb width_last_edited=\u00a0\u00bbon|tablet\u00a0\u00bb custom_margin=\u00a0\u00bb|||-50%|false|false\u00a0\u00bb custom_margin_tablet=\u00a0\u00bb|||0%|false|false\u00a0\u00bb custom_margin_phone=\u00a0\u00bb|||-10%|false|false\u00a0\u00bb custom_margin_last_edited=\u00a0\u00bbon|tablet\u00a0\u00bb border_radii=\u00a0\u00bbon|20px|20px|20px|20px\u00a0\u00bb global_colors_info=\u00a0\u00bb{}\u00a0\u00bb][\/et_pb_image][\/et_pb_column][\/et_pb_row][\/et_pb_section][et_pb_section fb_built=\u00a0\u00bb1&Prime; admin_label=\u00a0\u00bbVideo\u00a0\u00bb _builder_version=\u00a0\u00bb4.17.4&Prime; _module_preset=\u00a0\u00bbdefault\u00a0\u00bb background_color=\u00a0\u00bb#000000&Prime; background_image=\u00a0\u00bbhttps:\/\/matteoweil.com\/wp-content\/uploads\/2025\/03\/streamer-78.png\u00a0\u00bb locked=\u00a0\u00bboff\u00a0\u00bb collapsed=\u00a0\u00bbon\u00a0\u00bb global_colors_info=\u00a0\u00bb{}\u00a0\u00bb][\/et_pb_section][et_pb_section fb_built=\u00a0\u00bb1&Prime; module_id=\u00a0\u00bbma-section\u00a0\u00bb _builder_version=\u00a0\u00bb4.24.0&Prime; _module_preset=\u00a0\u00bbdefault\u00a0\u00bb background_image=\u00a0\u00bbhttps:\/\/matteoweil.com\/wp-content\/uploads\/2025\/02\/financial-technology-36-5-scaled.jpg\u00a0\u00bb global_colors_info=\u00a0\u00bb{}\u00a0\u00bb][et_pb_row _builder_version=\u00a0\u00bb4.24.0&Prime; _module_preset=\u00a0\u00bbdefault\u00a0\u00bb min_height=\u00a0\u00bb1328.1px\u00a0\u00bb custom_padding=\u00a0\u00bb2px|||||\u00a0\u00bb locked=\u00a0\u00bboff\u00a0\u00bb global_colors_info=\u00a0\u00bb{}\u00a0\u00bb][et_pb_column type=\u00a0\u00bb4_4&Prime; _builder_version=\u00a0\u00bb4.17.0&Prime; _module_preset=\u00a0\u00bbdefault\u00a0\u00bb global_colors_info=\u00a0\u00bb{}\u00a0\u00bb][et_pb_text _builder_version=\u00a0\u00bb4.24.0&Prime; _module_preset=\u00a0\u00bbc16985e1-e0d6-4022-964d-e2bfc04fa633&Prime; header_font=\u00a0\u00bbTrispace|700||on|||||\u00a0\u00bb header_text_color=\u00a0\u00bb#FFFFFF\u00a0\u00bb header_font_size=\u00a0\u00bb110px\u00a0\u00bb header_letter_spacing=\u00a0\u00bb0em\u00a0\u00bb min_height=\u00a0\u00bb84px\u00a0\u00bb custom_margin=\u00a0\u00bb100px|-40%|||false|false\u00a0\u00bb custom_padding=\u00a0\u00bb2px|||||\u00a0\u00bb header_font_size_tablet=\u00a0\u00bb40px\u00a0\u00bb header_font_size_phone=\u00a0\u00bb24px\u00a0\u00bb header_font_size_last_edited=\u00a0\u00bbon|phone\u00a0\u00bb locked=\u00a0\u00bboff\u00a0\u00bb global_colors_info=\u00a0\u00bb{}\u00a0\u00bb]<\/p>\n<h1>PROJETS AP<\/h1>\n<p>[\/et_pb_text][et_pb_audio title=\u00a0\u00bbCONFISERIE PAYET\u00a0\u00bb album_name=\u00a0\u00bbLe projet avait pour but de concevoir et de d\u00e9ployer un site vitrine pour une confiserie (fictif) avec WordPress, tout en d\u00e9veloppant une expertise approfondie des outils et configurations li\u00e9s \u00e0 l\u2019h\u00e9bergement web. L\u2019objectif final \u00e9tait de r\u00e9aliser un site \u00e0 la fois esth\u00e9tique et fonctionnel, conforme \u00e0 la maquette initiale, tout en surmontant les d\u00e9fis techniques rencontr\u00e9s.\u00a0\u00bb image_url=\u00a0\u00bbhttps:\/\/matteoweil.com\/wp-content\/uploads\/2025\/03\/logo_confiserie_final.png\u00a0\u00bb _builder_version=\u00a0\u00bb4.24.0&Prime; _dynamic_attributes=\u00a0\u00bblink_option_url\u00a0\u00bb _module_preset=\u00a0\u00bbdefault\u00a0\u00bb title_font=\u00a0\u00bbSarabun|700|||||||\u00a0\u00bb title_font_size=\u00a0\u00bb25px\u00a0\u00bb title_line_height=\u00a0\u00bb1.2em\u00a0\u00bb caption_font=\u00a0\u00bbQuattrocento Sans|700|||||||\u00a0\u00bb background_color=\u00a0\u00bbrgba(27,28,38,0.5)\u00a0\u00bb background_color_gradient_direction=\u00a0\u00bb90deg\u00a0\u00bb text_orientation=\u00a0\u00bbleft\u00a0\u00bb link_option_url=\u00a0\u00bb@ET-DC@eyJkeW5hbWljIjp0cnVlLCJjb250ZW50IjoicG9zdF9saW5rX3VybF9wYWdlIiwic2V0dGluZ3MiOnsicG9zdF9pZCI6IjIwMSJ9fQ==@\u00a0\u00bb title_font_size_tablet=\u00a0\u00bb\u00a0\u00bb title_font_size_phone=\u00a0\u00bb16px\u00a0\u00bb title_font_size_last_edited=\u00a0\u00bbon|phone\u00a0\u00bb locked=\u00a0\u00bboff\u00a0\u00bb global_colors_info=\u00a0\u00bb{}\u00a0\u00bb background_enable_color__hover=\u00a0\u00bbon\u00a0\u00bb use_background_color_gradient__hover=\u00a0\u00bboff\u00a0\u00bb background__hover_enabled=\u00a0\u00bbon|desktop\u00a0\u00bb background_color__hover=\u00a0\u00bbrgba(39,40,58,0.5)\u00a0\u00bb][\/et_pb_audio][et_pb_audio title=\u00a0\u00bbFLUXATOR\u00a0\u00bb album_name=\u00a0\u00bbCe projet visait \u00e0 d\u00e9velopper une application web en PHP pour la gestion des flux RSS, int\u00e9grant des fonctionnalit\u00e9s d\u2019enregistrement, de suppression et d\u2019affichage des articles.\u00a0\u00bb image_url=\u00a0\u00bbhttps:\/\/matteoweil.com\/wp-content\/uploads\/2025\/04\/FLUXATOR_logo_with_RSS_elements-removebg-preview.png\u00a0\u00bb _builder_version=\u00a0\u00bb4.24.0&Prime; _dynamic_attributes=\u00a0\u00bblink_option_url\u00a0\u00bb _module_preset=\u00a0\u00bbdefault\u00a0\u00bb title_font=\u00a0\u00bbSarabun|700|||||||\u00a0\u00bb title_font_size=\u00a0\u00bb25px\u00a0\u00bb title_line_height=\u00a0\u00bb1.2em\u00a0\u00bb caption_font=\u00a0\u00bbQuattrocento Sans|700|||||||\u00a0\u00bb background_color=\u00a0\u00bbrgba(27,28,38,0.5)\u00a0\u00bb background_color_gradient_direction=\u00a0\u00bb90deg\u00a0\u00bb text_orientation=\u00a0\u00bbleft\u00a0\u00bb link_option_url=\u00a0\u00bb@ET-DC@eyJkeW5hbWljIjp0cnVlLCJjb250ZW50IjoicG9zdF9saW5rX3VybF9wYWdlIiwic2V0dGluZ3MiOnsicG9zdF9pZCI6IjI2NSJ9fQ==@\u00a0\u00bb title_font_size_tablet=\u00a0\u00bb\u00a0\u00bb title_font_size_phone=\u00a0\u00bb16px\u00a0\u00bb title_font_size_last_edited=\u00a0\u00bbon|phone\u00a0\u00bb locked=\u00a0\u00bboff\u00a0\u00bb global_colors_info=\u00a0\u00bb{}\u00a0\u00bb background_color_gradient_stops__hover=\u00a0\u00bb#f7d043 0%|#fe386f 100%\u00a0\u00bb use_background_color_gradient__hover=\u00a0\u00bboff\u00a0\u00bb background_color__hover=\u00a0\u00bbrgba(39,40,58,0.5)\u00a0\u00bb background_enable_color__hover=\u00a0\u00bbon\u00a0\u00bb background__hover_enabled=\u00a0\u00bbon|desktop\u00a0\u00bb][\/et_pb_audio][et_pb_audio title=\u00a0\u00bbDEEZLOCK\u00a0\u00bb album_name=\u00a0\u00bbLe projet consiste en la cr\u00e9ation d\u2019une application musicale d\u00e9velopp\u00e9e en Java avec la biblioth\u00e8que Jaco MP3. L\u2019application permet de lire des fichiers audio et d\u2019offrir une interface utilisateur intuitive. Le d\u00e9veloppement a suivi plusieurs \u00e9tapes, de la planification \u00e0 la conception visuelle et technique.\u00a0\u00bb image_url=\u00a0\u00bbhttps:\/\/matteoweil.com\/wp-content\/uploads\/2025\/03\/logodeezlock.png\u00a0\u00bb _builder_version=\u00a0\u00bb4.24.0&Prime; _dynamic_attributes=\u00a0\u00bblink_option_url\u00a0\u00bb _module_preset=\u00a0\u00bbdefault\u00a0\u00bb title_font=\u00a0\u00bbSarabun|700|||||||\u00a0\u00bb title_font_size=\u00a0\u00bb25px\u00a0\u00bb title_line_height=\u00a0\u00bb1.2em\u00a0\u00bb caption_font=\u00a0\u00bbQuattrocento Sans|700|||||||\u00a0\u00bb background_color=\u00a0\u00bbrgba(27,28,38,0.5)\u00a0\u00bb background_color_gradient_direction=\u00a0\u00bb90deg\u00a0\u00bb text_orientation=\u00a0\u00bbleft\u00a0\u00bb link_option_url=\u00a0\u00bb@ET-DC@eyJkeW5hbWljIjp0cnVlLCJjb250ZW50IjoicG9zdF9saW5rX3VybF9wYWdlIiwic2V0dGluZ3MiOnsicG9zdF9pZCI6IjI4OCJ9fQ==@\u00a0\u00bb title_font_size_tablet=\u00a0\u00bb\u00a0\u00bb title_font_size_phone=\u00a0\u00bb16px\u00a0\u00bb title_font_size_last_edited=\u00a0\u00bbon|phone\u00a0\u00bb locked=\u00a0\u00bboff\u00a0\u00bb global_colors_info=\u00a0\u00bb{}\u00a0\u00bb background_color_gradient_stops__hover=\u00a0\u00bb#f7d043 0%|#fe386f 100%\u00a0\u00bb use_background_color_gradient__hover=\u00a0\u00bboff\u00a0\u00bb background_color__hover=\u00a0\u00bbrgba(39,40,58,0.5)\u00a0\u00bb background_enable_color__hover=\u00a0\u00bbon\u00a0\u00bb background__hover_enabled=\u00a0\u00bbon|desktop\u00a0\u00bb][\/et_pb_audio][et_pb_audio title=\u00a0\u00bbPharmaCix\u00a0\u00bb album_name=\u00a0\u00bbApplication Java de gestion pharmaceutique dans le but de simplifier la gestion des utilisateurs \u00a0\u00bb image_url=\u00a0\u00bbhttps:\/\/matteoweil.com\/wp-content\/uploads\/2025\/03\/snake-and-a-bowl-medical-symbol-emblem-for-drugstore-pharmacy-sign-png.webp\u00a0\u00bb _builder_version=\u00a0\u00bb4.24.0&Prime; _dynamic_attributes=\u00a0\u00bblink_option_url\u00a0\u00bb _module_preset=\u00a0\u00bbdefault\u00a0\u00bb title_font=\u00a0\u00bbSarabun|700|||||||\u00a0\u00bb title_font_size=\u00a0\u00bb25px\u00a0\u00bb title_line_height=\u00a0\u00bb1.2em\u00a0\u00bb caption_font=\u00a0\u00bbQuattrocento Sans|700|||||||\u00a0\u00bb background_color=\u00a0\u00bbrgba(27,28,38,0.5)\u00a0\u00bb background_color_gradient_direction=\u00a0\u00bb90deg\u00a0\u00bb text_orientation=\u00a0\u00bbleft\u00a0\u00bb link_option_url=\u00a0\u00bb@ET-DC@eyJkeW5hbWljIjp0cnVlLCJjb250ZW50IjoicG9zdF9saW5rX3VybF9wYWdlIiwic2V0dGluZ3MiOnsicG9zdF9pZCI6IjI5NyJ9fQ==@\u00a0\u00bb title_font_size_tablet=\u00a0\u00bb\u00a0\u00bb title_font_size_phone=\u00a0\u00bb16px\u00a0\u00bb title_font_size_last_edited=\u00a0\u00bbon|phone\u00a0\u00bb locked=\u00a0\u00bboff\u00a0\u00bb global_colors_info=\u00a0\u00bb{}\u00a0\u00bb background_color_gradient_stops__hover=\u00a0\u00bb#f7d043 0%|#fe386f 100%\u00a0\u00bb use_background_color_gradient__hover=\u00a0\u00bboff\u00a0\u00bb background_color__hover=\u00a0\u00bbrgba(39,40,58,0.5)\u00a0\u00bb background_enable_color__hover=\u00a0\u00bbon\u00a0\u00bb background__hover_enabled=\u00a0\u00bbon|desktop\u00a0\u00bb][\/et_pb_audio][et_pb_text _builder_version=\u00a0\u00bb4.24.0&Prime; _module_preset=\u00a0\u00bbc16985e1-e0d6-4022-964d-e2bfc04fa633&Prime; header_font=\u00a0\u00bbTrispace|700||on|||||\u00a0\u00bb header_text_color=\u00a0\u00bb#FFFFFF\u00a0\u00bb header_font_size=\u00a0\u00bb110px\u00a0\u00bb header_letter_spacing=\u00a0\u00bb0em\u00a0\u00bb min_height=\u00a0\u00bb34px\u00a0\u00bb custom_margin=\u00a0\u00bb100px|-40%|||false|false\u00a0\u00bb custom_padding=\u00a0\u00bb2px|||||\u00a0\u00bb header_font_size_tablet=\u00a0\u00bb40px\u00a0\u00bb header_font_size_phone=\u00a0\u00bb24px\u00a0\u00bb header_font_size_last_edited=\u00a0\u00bbon|phone\u00a0\u00bb locked=\u00a0\u00bboff\u00a0\u00bb global_colors_info=\u00a0\u00bb{}\u00a0\u00bb]<\/p>\n<h1>PROJETS STAGE<\/h1>\n<p>[\/et_pb_text][et_pb_audio title=\u00a0\u00bbGESTICK\u00a0\u00bb album_name=\u00a0\u00bbCette application d\u00e9velopp\u00e9e avec AppSheet permet \u00e0 l\u2019entreprise Repar Mobile de g\u00e9rer efficacement les tickets de r\u00e9paration. Elle facilite la priorisation des t\u00e2ches \u00e0 r\u00e9aliser et fournit des informations essentielles sur les dates et le suivi des interventions.\u00a0\u00bb image_url=\u00a0\u00bbhttps:\/\/matteoweil.com\/wp-content\/uploads\/2025\/04\/ChatGPT-Image-10-avr.-2025-a-08_42_26.png\u00a0\u00bb _builder_version=\u00a0\u00bb4.24.0&Prime; _dynamic_attributes=\u00a0\u00bblink_option_url\u00a0\u00bb _module_preset=\u00a0\u00bbdefault\u00a0\u00bb title_font=\u00a0\u00bbSarabun|700|||||||\u00a0\u00bb title_font_size=\u00a0\u00bb25px\u00a0\u00bb title_line_height=\u00a0\u00bb1.2em\u00a0\u00bb caption_font=\u00a0\u00bbQuattrocento Sans|700|||||||\u00a0\u00bb background_color=\u00a0\u00bbrgba(27,28,38,0.5)\u00a0\u00bb background_color_gradient_direction=\u00a0\u00bb90deg\u00a0\u00bb text_orientation=\u00a0\u00bbleft\u00a0\u00bb link_option_url=\u00a0\u00bb@ET-DC@eyJkeW5hbWljIjp0cnVlLCJjb250ZW50IjoicG9zdF9saW5rX3VybF9wYWdlIiwic2V0dGluZ3MiOnsicG9zdF9pZCI6IjQxNCJ9fQ==@\u00a0\u00bb title_font_size_tablet=\u00a0\u00bb\u00a0\u00bb title_font_size_phone=\u00a0\u00bb16px\u00a0\u00bb title_font_size_last_edited=\u00a0\u00bbon|phone\u00a0\u00bb locked=\u00a0\u00bboff\u00a0\u00bb global_colors_info=\u00a0\u00bb{}\u00a0\u00bb background_color_gradient_stops__hover=\u00a0\u00bb#f7d043 0%|#fe386f 100%\u00a0\u00bb use_background_color_gradient__hover=\u00a0\u00bboff\u00a0\u00bb background_color__hover=\u00a0\u00bbrgba(39,40,58,0.5)\u00a0\u00bb background_enable_color__hover=\u00a0\u00bbon\u00a0\u00bb background__hover_enabled=\u00a0\u00bbon|desktop\u00a0\u00bb][\/et_pb_audio][et_pb_audio title=\u00a0\u00bbINTRANET CIVIS\u00a0\u00bb album_name=\u00a0\u00bbCet intranet, r\u00e9alis\u00e9 avec le CMS Joomla, a \u00e9t\u00e9 d\u00e9velopp\u00e9 pour la Civis afin de centraliser la gestion de ses contenus internes. Il offre un espace structur\u00e9 pour la diffusion d\u2019informations, la gestion documentaire et la collaboration entre les membres de l\u2019organisation.\u00a0\u00bb image_url=\u00a0\u00bbhttps:\/\/matteoweil.com\/wp-content\/uploads\/2025\/04\/ChatGPT-Image-10-avr.-2025-a-08_57_10.png\u00a0\u00bb _builder_version=\u00a0\u00bb4.24.0&Prime; _dynamic_attributes=\u00a0\u00bblink_option_url\u00a0\u00bb _module_preset=\u00a0\u00bbdefault\u00a0\u00bb title_font=\u00a0\u00bbSarabun|700|||||||\u00a0\u00bb title_font_size=\u00a0\u00bb25px\u00a0\u00bb title_line_height=\u00a0\u00bb1.2em\u00a0\u00bb caption_font=\u00a0\u00bbQuattrocento Sans|700|||||||\u00a0\u00bb background_color=\u00a0\u00bbrgba(27,28,38,0.5)\u00a0\u00bb background_color_gradient_direction=\u00a0\u00bb90deg\u00a0\u00bb text_orientation=\u00a0\u00bbleft\u00a0\u00bb link_option_url=\u00a0\u00bb@ET-DC@eyJkeW5hbWljIjp0cnVlLCJjb250ZW50IjoicG9zdF9saW5rX3VybF9wYWdlIiwic2V0dGluZ3MiOnsicG9zdF9pZCI6IjQwOCJ9fQ==@\u00a0\u00bb title_font_size_tablet=\u00a0\u00bb\u00a0\u00bb title_font_size_phone=\u00a0\u00bb16px\u00a0\u00bb title_font_size_last_edited=\u00a0\u00bbon|phone\u00a0\u00bb locked=\u00a0\u00bboff\u00a0\u00bb global_colors_info=\u00a0\u00bb{}\u00a0\u00bb background_color_gradient_stops__hover=\u00a0\u00bb#f7d043 0%|#fe386f 100%\u00a0\u00bb use_background_color_gradient__hover=\u00a0\u00bboff\u00a0\u00bb background_color__hover=\u00a0\u00bbrgba(39,40,58,0.5)\u00a0\u00bb background_enable_color__hover=\u00a0\u00bbon\u00a0\u00bb background__hover_enabled=\u00a0\u00bbon|desktop\u00a0\u00bb][\/et_pb_audio][\/et_pb_column][\/et_pb_row][\/et_pb_section]<\/p>\n","protected":false},"excerpt":{"rendered":"<p>MES PROJETSVoici tout les projets r\u00e9alise dans un cadre professionnel ou personnel.PROJETS APPROJETS STAGE<\/p>\n","protected":false},"author":1,"featured_media":0,"parent":0,"menu_order":0,"comment_status":"closed","ping_status":"closed","template":"","meta":{"_et_pb_use_builder":"on","_et_pb_old_content":"","_et_gb_content_width":"","footnotes":""},"class_list":["post-152","page","type-page","status-publish","hentry"],"yoast_head":"<!-- This site is optimized with the Yoast SEO plugin v24.8.1 - https:\/\/yoast.com\/wordpress\/plugins\/seo\/ -->\n<title>Projets - Portfolio Matteo WEIL<\/title>\n<meta name=\"robots\" content=\"index, follow, max-snippet:-1, max-image-preview:large, max-video-preview:-1\" \/>\n<link rel=\"canonical\" href=\"https:\/\/matteoweil.com\/?page_id=152\" \/>\n<meta property=\"og:locale\" content=\"fr_FR\" \/>\n<meta property=\"og:type\" content=\"article\" \/>\n<meta property=\"og:title\" content=\"Projets - Portfolio Matteo WEIL\" \/>\n<meta property=\"og:description\" content=\"MES PROJETSVoici tout les projets r\u00e9alise dans un cadre professionnel ou personnel.PROJETS APPROJETS STAGE\" \/>\n<meta property=\"og:url\" content=\"https:\/\/matteoweil.com\/?page_id=152\" \/>\n<meta property=\"og:site_name\" content=\"Portfolio Matteo WEIL\" \/>\n<meta property=\"article:modified_time\" content=\"2025-04-10T18:22:04+00:00\" \/>\n<meta name=\"twitter:card\" content=\"summary_large_image\" \/>\n<meta name=\"twitter:label1\" content=\"Dur\u00e9e de lecture estim\u00e9e\" \/>\n\t<meta name=\"twitter:data1\" content=\"8 minutes\" \/>\n<script type=\"application\/ld+json\" class=\"yoast-schema-graph\">{\"@context\":\"https:\/\/schema.org\",\"@graph\":[{\"@type\":\"WebPage\",\"@id\":\"https:\/\/matteoweil.com\/?page_id=152\",\"url\":\"https:\/\/matteoweil.com\/?page_id=152\",\"name\":\"Projets - Portfolio Matteo WEIL\",\"isPartOf\":{\"@id\":\"https:\/\/matteoweil.com\/#website\"},\"datePublished\":\"2025-03-30T10:37:31+00:00\",\"dateModified\":\"2025-04-10T18:22:04+00:00\",\"breadcrumb\":{\"@id\":\"https:\/\/matteoweil.com\/?page_id=152#breadcrumb\"},\"inLanguage\":\"fr-FR\",\"potentialAction\":[{\"@type\":\"ReadAction\",\"target\":[\"https:\/\/matteoweil.com\/?page_id=152\"]}]},{\"@type\":\"BreadcrumbList\",\"@id\":\"https:\/\/matteoweil.com\/?page_id=152#breadcrumb\",\"itemListElement\":[{\"@type\":\"ListItem\",\"position\":1,\"name\":\"Accueil\",\"item\":\"https:\/\/matteoweil.com\/\"},{\"@type\":\"ListItem\",\"position\":2,\"name\":\"Projets\"}]},{\"@type\":\"WebSite\",\"@id\":\"https:\/\/matteoweil.com\/#website\",\"url\":\"https:\/\/matteoweil.com\/\",\"name\":\"Portfolio Matteo WEIL\",\"description\":\"&lt;Bienvenue sur mon portfolio\/&gt; :)\",\"publisher\":{\"@id\":\"https:\/\/matteoweil.com\/#organization\"},\"potentialAction\":[{\"@type\":\"SearchAction\",\"target\":{\"@type\":\"EntryPoint\",\"urlTemplate\":\"https:\/\/matteoweil.com\/?s={search_term_string}\"},\"query-input\":{\"@type\":\"PropertyValueSpecification\",\"valueRequired\":true,\"valueName\":\"search_term_string\"}}],\"inLanguage\":\"fr-FR\"},{\"@type\":\"Organization\",\"@id\":\"https:\/\/matteoweil.com\/#organization\",\"name\":\"Portfolio Matteo WEIL\",\"url\":\"https:\/\/matteoweil.com\/\",\"logo\":{\"@type\":\"ImageObject\",\"inLanguage\":\"fr-FR\",\"@id\":\"https:\/\/matteoweil.com\/#\/schema\/logo\/image\/\",\"url\":\"https:\/\/matteoweil.com\/wp-content\/uploads\/2025\/04\/new_logo-removebg-preview.png\",\"contentUrl\":\"https:\/\/matteoweil.com\/wp-content\/uploads\/2025\/04\/new_logo-removebg-preview.png\",\"width\":449,\"height\":443,\"caption\":\"Portfolio Matteo WEIL\"},\"image\":{\"@id\":\"https:\/\/matteoweil.com\/#\/schema\/logo\/image\/\"}}]}<\/script>\n<!-- \/ Yoast SEO plugin. -->","yoast_head_json":{"title":"Projets - Portfolio Matteo WEIL","robots":{"index":"index","follow":"follow","max-snippet":"max-snippet:-1","max-image-preview":"max-image-preview:large","max-video-preview":"max-video-preview:-1"},"canonical":"https:\/\/matteoweil.com\/?page_id=152","og_locale":"fr_FR","og_type":"article","og_title":"Projets - Portfolio Matteo WEIL","og_description":"MES PROJETSVoici tout les projets r\u00e9alise dans un cadre professionnel ou personnel.PROJETS APPROJETS STAGE","og_url":"https:\/\/matteoweil.com\/?page_id=152","og_site_name":"Portfolio Matteo WEIL","article_modified_time":"2025-04-10T18:22:04+00:00","twitter_card":"summary_large_image","twitter_misc":{"Dur\u00e9e de lecture estim\u00e9e":"8 minutes"},"schema":{"@context":"https:\/\/schema.org","@graph":[{"@type":"WebPage","@id":"https:\/\/matteoweil.com\/?page_id=152","url":"https:\/\/matteoweil.com\/?page_id=152","name":"Projets - Portfolio Matteo WEIL","isPartOf":{"@id":"https:\/\/matteoweil.com\/#website"},"datePublished":"2025-03-30T10:37:31+00:00","dateModified":"2025-04-10T18:22:04+00:00","breadcrumb":{"@id":"https:\/\/matteoweil.com\/?page_id=152#breadcrumb"},"inLanguage":"fr-FR","potentialAction":[{"@type":"ReadAction","target":["https:\/\/matteoweil.com\/?page_id=152"]}]},{"@type":"BreadcrumbList","@id":"https:\/\/matteoweil.com\/?page_id=152#breadcrumb","itemListElement":[{"@type":"ListItem","position":1,"name":"Accueil","item":"https:\/\/matteoweil.com\/"},{"@type":"ListItem","position":2,"name":"Projets"}]},{"@type":"WebSite","@id":"https:\/\/matteoweil.com\/#website","url":"https:\/\/matteoweil.com\/","name":"Portfolio Matteo WEIL","description":"&lt;Bienvenue sur mon portfolio\/&gt; :)","publisher":{"@id":"https:\/\/matteoweil.com\/#organization"},"potentialAction":[{"@type":"SearchAction","target":{"@type":"EntryPoint","urlTemplate":"https:\/\/matteoweil.com\/?s={search_term_string}"},"query-input":{"@type":"PropertyValueSpecification","valueRequired":true,"valueName":"search_term_string"}}],"inLanguage":"fr-FR"},{"@type":"Organization","@id":"https:\/\/matteoweil.com\/#organization","name":"Portfolio Matteo WEIL","url":"https:\/\/matteoweil.com\/","logo":{"@type":"ImageObject","inLanguage":"fr-FR","@id":"https:\/\/matteoweil.com\/#\/schema\/logo\/image\/","url":"https:\/\/matteoweil.com\/wp-content\/uploads\/2025\/04\/new_logo-removebg-preview.png","contentUrl":"https:\/\/matteoweil.com\/wp-content\/uploads\/2025\/04\/new_logo-removebg-preview.png","width":449,"height":443,"caption":"Portfolio Matteo WEIL"},"image":{"@id":"https:\/\/matteoweil.com\/#\/schema\/logo\/image\/"}}]}},"_links":{"self":[{"href":"https:\/\/matteoweil.com\/index.php?rest_route=\/wp\/v2\/pages\/152","targetHints":{"allow":["GET"]}}],"collection":[{"href":"https:\/\/matteoweil.com\/index.php?rest_route=\/wp\/v2\/pages"}],"about":[{"href":"https:\/\/matteoweil.com\/index.php?rest_route=\/wp\/v2\/types\/page"}],"author":[{"embeddable":true,"href":"https:\/\/matteoweil.com\/index.php?rest_route=\/wp\/v2\/users\/1"}],"replies":[{"embeddable":true,"href":"https:\/\/matteoweil.com\/index.php?rest_route=%2Fwp%2Fv2%2Fcomments&post=152"}],"version-history":[{"count":5,"href":"https:\/\/matteoweil.com\/index.php?rest_route=\/wp\/v2\/pages\/152\/revisions"}],"predecessor-version":[{"id":445,"href":"https:\/\/matteoweil.com\/index.php?rest_route=\/wp\/v2\/pages\/152\/revisions\/445"}],"wp:attachment":[{"href":"https:\/\/matteoweil.com\/index.php?rest_route=%2Fwp%2Fv2%2Fmedia&parent=152"}],"curies":[{"name":"wp","href":"https:\/\/api.w.org\/{rel}","templated":true}]}}